igit of g?
9
Suppose 8642 = -317*j + 318*j + 3*p, 4*p + 17224 = 2*j. What is the thousands digit of j?
8
Let t = -47 - 138. Let o = 11 - t. What is the hundreds digit of o?
1
Suppose 15*z - 209329 = 65456. What is the hundreds digit of z?
3
Let g(a) = 1505*a - 129. What is the tens digit of g(5)?
9
Suppose 31 + 24 = 11*b. Suppose -b*f + 2*f = -9. Suppose -x + 84 = f*v, 2*x = 5*x + 3*v - 252. What is the tens digit of x?
8
Let l(u) = -27*u - 10. Let a = -64 + 72. Let g be (-13 - -11) + a/(-2). What is the tens digit of l(g)?
5
Let z = -673 + 685. What is the tens digit of z/(-1 - -5) + 399?
0
Let t = 29 - 18. Let b be (t - -20)*70/(1 - -1). Suppose -b = -5*d - 2*a, -d + 3*a = -178 - 22. What is the tens digit of d?
1
Let m be (-48)/80 + (-13)/(-5). What is the units digit of 197/m + (-5)/(-1 - -11)?
8
Let q(k) = -k**2 - 293*k - 256. What is the ten thousands digit of q(-88)?
1
Let l(y) = y**3 - 7*y**2 - 9*y + 13. Let m be l(10). Suppose -3*x = -5 - m. What is the tens digit of x?
7
What is the tens digit of 99718/4 - (2/(-26))/(74/(-1443))?
2
Let u(a) = 19*a + 47. Let x = -293 + 328. What is the tens digit of u(x)?
1
Let s(j) be the second derivative of -j**4/12 + 11*j**3/6 - 19*j**2/2 - 13*j. Let y be s(9). What is the tens digit of 1/3 - 1056/(-18) - y?
6
Suppose 34*j - 325 + 19 = 0. Suppose 25*l + j*l = 14722. What is the hundreds digit of l?
4
Let r be (-5781)/(-9) - (-17)/(-51). Suppose -o + 218 = -w, -5*w - 227 = 2*o - r. What is the units digit of o?
5
Let r be 56*(-13)/(-208) - (-3)/2. Let b be 4/(-6) - 10/(-15). Suppose 100 = -b*c + c + 5*y, -c + r*y + 100 = 0. What is the hundreds digit of c?
1
Let p(s) = -9755*s - 3449. What is the ten thousands digit of p(-7)?
6
Let u(f) = -21*f**2 + 22*f - 67. Let l(p) = 43*p**2 - 42*p + 132. Let n(g) = 4*l(g) + 7*u(g). What is the hundreds digit of n(7)?
1
Let r = -9963 + 17914. What is the tens digit of r?
5
Suppose 15 = 4*p - 5*q, -19*q + 6 = -3*p - 21*q. Suppose p = 2*l - 4*z - 2176, 4340 = 39*l - 35*l - 2*z. What is the thousands digit of l?
1
Suppose 2*h - 6 - 14 = -d, 0 = 2*d + h - 28. Suppose d*v + 750 - 2178 = 0. Let q = -35 + v. What is the units digit of q?
4
Suppose 0 = -5*x - 25, 4*l - 10857 - 28878 = -x. Suppose 0 = 9*m + 440 - l. What is the units digit of m?
5
Let i(l) = 3*l + 19 + 3*l**2 + 108*l**3 - 109*l**3 + 7*l**2. Let g be i(11). Let x = 81 - g. What is the units digit of x?
0
Suppose w = -5*r - 17 - 4, -r = -4*w + 21. Let l(x) = 12 + 4 - x + w + 16. What is the tens digit of l(14)?
2
Let b be (-1 - 275) + (15 + 1)/(-4). Let x be (1/(-2))/(-4 + (-1118)/b). Let l = 9 + x. What is the tens digit of l?
7
Suppose -1347445 = -60*o + 1730795. What is the ten thousands digit of o?
5
Suppose -2*p - 12 = 0, 18*p - 19*p + 1616 = 2*n. What is the hundreds digit of n?
8
Let h(q) = -567*q - 691. What is the units digit of h(-4)?
7
Let v(s) be the first derivative of s**4/4 + 19*s**3/3 - 21*s**2/2 - 19*s + 6. Let y be v(-20). Let q(m) = 75*m**2 - 3*m + 2. What is the tens digit of q(y)?
7
Let y = -346 + 358. What is the tens digit of y/(-6) - -2 - 4 - -801?
9
Suppose 0 = 12*s + 445 + 815. Let u = 79 - s. What is the units digit of u?
4
What is the units digit of 867*(-23 - (-55 - -11))?
7
Let f(j) be the first derivative of -j**7/42 + j**5/120 - 13*j**3/3 + 10. Let z(c) be the third derivative of f(c). What is the tens digit of z(-1)?
1
Suppose 0 = 2*m - 5*x - 4, 3*m + 4*x + 36 = x. What is the tens digit of ((-13)/(-4))/(m/(-256))?
0
Suppose -2*z + 3*o = -9911, 4*z - 7*z + 2*o = -14864. What is the units digit of z?
4
Suppose -4*k - 35 = 2*c - 5, -5*k + 4*c - 5 = 0. What is the hundreds digit of k*(2652/(-45) + 10/(-15))?
2
Suppose 4*q - 14*q = 100. Let a be (q*(-1)/2)/1 + -3. Suppose -a*i = -3*i + 5. What is the units digit of i?
5
Let m = 1284 + -83. Let a = m + -592. Let d = a - 341. What is the hundreds digit of d?
2
Let g be (2 - -7) + 2 + -8. Suppose g*x = -4*z - 0*z + 369, 3*x = -2*z + 363. What is the hundreds digit of x?
1
Let h(m) = -3*m - 22. Let u be h(-7). Let s be (0 + -2)*2/u. What is the units digit of 20/s*6 - -2?
2
Let j(s) = -351*s - 640. What is the hundreds digit of j(-30)?
8
Let g = 88635 + -38713. What is the thousands digit of g?
9
Let p(a) = a**2 - 7. Suppose 4 = 3*f + 10. Let y(g) = 4*g**2 - g - 35. Let o(n) = f*y(n) + 11*p(n). What is the units digit of o(-5)?
8
Let k be 805/42 + (-1)/6. Let z(n) = 4*n**2 - 24*n - 23. What is the units digit of z(k)?
5
Let a be 44/10 + (-22)/55. Suppose 4*z - 917 = -a*h + h, h - 4*z - 279 = 0. What is the tens digit of h?
9
Let d(p) = 12404*p**2 + 12*p - 12. Let l be d(1). Suppose 15*y = 1276 + l. What is the hundreds digit of y?
9
Let y(j) = 70*j**3 + 0*j**2 - 6*j - j**2 - 3 - 69*j**3. Let t = 1 - -3. What is the tens digit of y(t)?
2
Suppose -5*o = 5*a - 138745, -2*a + 12*o + 55500 = 13*o. What is the ten thousands digit of a?
2
Let k = 13869 - 2399. What is the thousands digit of k?
1
Let r = 7484 + -5722. What is the thousands digit of r?
1
Suppose 86638 = 2*j - 27*g + 29*g, 6*g - 43294 = -j. What is the ten thousands digit of j?
4
Let k(t) = 2*t**3 - 4*t**2 + 3*t - 1. Let g be k(3). Let i = 169 - g. Let n = -79 + i. What is the tens digit of n?
6
Let l(k) = -3*k**3 + 3*k**2 - 116*k - 87. What is the thousands digit of l(-16)?
4
Suppose -2*g - 1323 = 3*j, -5*j - 42 + 17 = 0. Let s = 10 - g. What is the tens digit of s?
6
Suppose 0 = 4*k - 3*x + 2223, -2203 = 9*k - 5*k + x. Let j = k - -1211. What is the hundreds digit of j?
6
Let t(h) be the first derivative of h**5/120 + 17*h**4/24 + 17*h**3/3 - 14. Let y(q) be the third derivative of t(q). What is the tens digit of y(-4)?
1
Suppose a = -z + 8056, -2*a + 9680 + 6438 = -4*z. What is the thousands digit of a?
8
Suppose 3*t - 4*o = -2934, -42*t - 3*o = -45*t - 2934. Let b = -553 - t. What is the units digit of b?
5
Let y(c) = 11670*c**2 - 25*c + 22. What is the tens digit of y(1)?
6
Suppose 291 = 2*n - 345. Suppose -687 - n = -5*k + 5*v, 0 = 2*k + v - 399. Suppose 0 = y - 3*r - 82, -2*y + 3*r = -4*y + k. What is the tens digit of y?
9
Suppose 87 = 8*o + 71. Suppose 3*j = 4*r + 2573, j + o*r - 871 = -0*r. What is the units digit of j?
3
Suppose 1 + 33 = 2*h + 3*n, 5*n = -5*h + 85. Suppose 8160 = h*g + 1734. What is the tens digit of g?
7
Let c = 792 - 776. Let i = 539 + c. What is the tens digit of i?
5
Suppose 2*s = -2*i + 71774, -2*s + 2*i + 40127 + 31623 = 0. What is the units digit of s?
1
Let w(x) be the first derivative of x**4/4 - 5*x**3 - 5*x**2/2 + 21*x - 25. Let n be w(14). Let t = 510 + n. What is the units digit of t?
5
Let q = -56 - -107. Suppose -2*s + 833 = q. What is the tens digit of s?
9
Suppose -13*c = -10*c - 26697. What is the thousands digit of c?
8
Suppose -5*a - 1289 = 3*y - 436, 2*y = -2*a - 338. Let p = -107 - a. What is the units digit of p?
6
Suppose 494045 - 151020 = 33*b - 396538. What is the ten thousands digit of b?
2
Suppose -3*a - 5*q + 113764 = 0, -a + 42*q + 37930 = 48*q. What is the hundreds digit of a?
9
Let q = 6695 + -5308. What is the units digit of q?
7
Let z be (-1)/(4/30 - (-116)/(-420)). Suppose 5*p = -5*k + 1740, 2*k - z*k = -3*p + 1060. What is the tens digit of p?
5
Suppose 0 = 4*p - 12*u - 40340, -4*p - 5*u + 3*u + 40256 = 0. What is the thousands digit of p?
0
Let l(h) = -266*h**3 - 4*h**2 + 9*h + 46. What is the thousands digit of l(-3)?
7
Let b(s) = -s**3 + 5*s**2 + 8*s - 12. Let f be b(-9). Let n = -386 + f. What is the tens digit of n?
6
Suppose -2*j = 12*q - 9*q - 4754, q = -2*j + 1586. What is the units digit of q?
4
Let t(l) = 54*l**2 + 13*l - 7. Let d be (-6)/((-15)/10*-1). What is the units digit of t(d)?
5
Suppose -l - 4*l - 7 = -4*h, -4*h = 5*l - 57. Suppose -3*y + 4 = -h. Suppose 2*t + 8 = y*t. What is the units digit of t?
4
Let b(n) = -39*n**3 - 8*n**2 - 5*n - 2. Let i be b(-3). Suppose 2*t + 2*g = i, 5*t - 4*g - 2370 = 160. What is the units digit of t?
2
Suppose 0 = -6*w + 11*w - 60. Suppose 3*s = s - 10, 0 = -2*b - 2*s + w. Suppose b*j - 231 = 4*j. What is the units digit of j?
3
Suppose -3*y = -4*o + 17986, o + 1395 = -3*y + 5914. What is the tens digit of o?
0
Let m be (0/4 + -8)*3/(-12). Suppose -z = m*b - 0*z - 17, 5*z = -5. What is the units digit of (-126)/b*(0 + 38/(-4))?
3
Suppose -28*b = -29*b - 3*k